.
9
Suppose 0 = -3*m + 16 - 4. Let q be 3 + (10 - m)*-1. Let y = q - -29. Calculate the remainder when 49 is divided by y.
23
Let z(a) = -4*a + 53. Let u be z(25). Let t = u + 131. Suppose -v + 2*s = -25, 5*v = 2*v + 3*s + t. Calculate the remainder when 120 is divided by v.
27
Let t(b) = b**3 + 28*b**2 + 44*b - 84. Calculate the remainder when 1483 is divided by t(-26).
119
Let b = 10 + 71. What is the remainder when b is divided by (-34)/16*(-152)/19?
13
Suppose 0 = -3*k - 4*a + 215, 2*k = -3*k + a + 366. Let c = 123 - k. Calculate the remainder when c is divided by 16.
2
Suppose 2*b - 2057 = 33*m - 34*m, 2*b + 2*m - 2060 = 0. What is the remainder when b is divided by 115?
107
Let c = 6760 + -6711. Let u(s) = -3*s - 7. Let a be u(-6). Let o = a + 6. What is the remainder when c is divided by o?
15
Suppose -232*s = -406459 + 130843. Calculate the remainder when s is divided by 293.
16
Suppose 23*t - 10*t = 195. Let n(h) = -h**3 + 18*h**2 + h + 31. What is the remainder when n(18) is divided by t?
4
Suppose -1378*d + 694*d = -691*d + 7483. Calculate the remainder when d is divided by 17.
15
Suppose 0 = 3*f + 5*p - 20, 10*f - 5*f + 4*p = 16. Suppose 4*l - 4 = f, -l + 83 = 2*s + 2*l. What is the remainder when 111 is divided by s?
31
Let h be (-1*(3 + (-6 - -3)))/1. Suppose -3*m + 194 + 199 = h. Calculate the remainder when m is divided by 34.
29
Suppose -4*o - 9*z = -13*z - 7808, z = -4*o + 7788. Calculate the remainder when o is divided by 50.
48
Let u = 224 - 227. What is the remainder when u + 3 + 62*2 is divided by 14?
12
Let p = -548 - -704. Let g = 196 - p. What is the remainder when (-4)/(4/(-159)) - 2 is divided by g?
37
Suppose 14*t - 18757 = 23537. What is the remainder when t is divided by 12?
9
Let a(j) = j**3 - 20*j**2 + 16*j + 19. Let c be a(20). Let u = -197 + c. What is the remainder when u is divided by 36?
34
Let o = 5907 + -4133. Calculate the remainder when o is divided by 16.
14
Suppose 31 = 7*a + 3. Let f(w) be the second derivative of w**5/10 - 7*w**4/12 - 2*w**3/3 + 9*w**2/2 - 24*w. Calculate the remainder when 17 is divided by f(a).
8
Let x(y) = -y**3 + 18*y**2 - 31*y + 247. Calculate the remainder when (-4)/(-14) - (813/(-21) - -5) is divided by x(17).
7
Suppose -60 = 17*l - 22*l. Suppose -467*y - 7800 = -506*y. What is the remainder when y is divided by l?
8
Let r be ((-120)/14)/((-3)/28). Suppose r = w - 40. Calculate the remainder when w is divided by 11.
10
Suppose -10*b = -7*b - 201. What is the remainder when (996/15)/((-2 - (-155)/75)*3) is divided by b?
64
Suppose u + l = -12, 7*l = 4*u + 5*l + 18. Let s(d) = 2*d + 36. Let y(q) = q**3 + 5*q**2 - 9*q - 12. Calculate the remainder when s(u) is divided by y(-6).
4
Suppose 12*v + 236 - 995 = -11*v. Calculate the remainder when 1599 is divided by v.
15
Let f = 12269 + -12186. What is the remainder when f is divided by 18?
11
Suppose -346*p - 12 = -352*p. Suppose 2*d = -p*d + 60. Suppose 15 = 4*c - 3*t - 14, 2*t + 38 = 5*c. What is the remainder when d is divided by c?
7
Let x(w) = -63*w - 36. Let b = -486 + 485. What is the remainder when x(b) is divided by 6?
3
Let i(a) = 60*a - 1457. Suppose 0 = 5*d + 5, -3*o + 2*d - 10 = -57. What is the remainder when i(26) is divided by o?
13
Suppose t - 16 = -4. Let s be 1*0*(-3)/t. What is the remainder when 6 is divided by 3 + 1 + s - 1?
0
Suppose 3*s - 5*h = -8*h + 9, 0 = 3*s + 5*h - 9. What is the remainder when ((-59)/2)/(7/(-84)*s) is divided by 11?
8
Let d(i) = i**2 - 10*i + 7. What is the remainder when ((-1980)/8)/(-5)*6/9 is divided by d(10)?
5
Let d(i) = 3*i**2 + 4*i + 2. Let b(k) = 5*k**2 + 9*k + 5. Let p(w) = -4*b(w) + 9*d(w). What is the remainder when 168 is divided by p(2)?
12
Let x(o) = -o**3 - 20*o**2 + 33*o + 36. Let r be x(-21). Let c = r - -282. Calculate the remainder when c is divided by 6.
0
Let v = -546 - -546. Suppose v = -14*c + 17*c - 102. What is the remainder when c is divided by 6?
4
Let z(n) = 21*n - 54. Let i be z(10). Suppose s - 9 = 4*v - i, -182 = -5*v + 3*s. What is the remainder when 182 is divided by v?
34
Suppose -10*d + 185 + 15 = 0. Suppose d*u - 95 - 525 = 0. Let j = -12 + 20. What is the remainder when u is divided by j?
7
Let d(v) = -2*v**3 + 10*v**2 + 17*v - 2. What is the remainder when d(-6) is divided by 69?
67
Suppose -3*x + 238 = -338. Calculate the remainder when 9/(-6)*x/9*-2 is divided by 23.
18
Suppose 0 = 5*l - 0*l - 145. What is the remainder when l is divided by 9/((-45)/(-68)) + (-12)/20?
3
Let a = 48 - 8. Let s = a + -29. Suppose 68*q = 4*q + 1152. What is the remainder when q is divided by s?
7
Calculate the remainder when 3596 is divided by ((-1)/(-2))/(35/490) + 7.
12
Let d(f) = -293*f - 4079. Calculate the remainder when d(-29) is divided by 85.
83
Calculate the remainder when (310/(-9))/((-36)/162) is divided by (-5)/2*896/(-70).
27
Suppose 4*n + 3*y - 400 = 3*n, 5*n + 2*y - 2052 = 0. Let t = n - 217. Let g = 296 - t. Calculate the remainder when g is divided by 17.
16
What is the remainder when 819 is divided by 4/(-6) - 3185/(-39)?
9
Suppose 44*a - 12 = 40*a, -2259 = -4*c - a. Calculate the remainder when c is divided by 269.
26
Suppose -55 = -3*q + 44. Let f be (-10 + (-1134)/(-112))*8*1. Calculate the remainder when ((-5)/15*f)/((-2)/582) is divided by q.
31
Calculate the remainder when 1294 is divided by 892/669*(-1 + 13).
14
Suppose 5*c = 2*q + 470, 22*c + 271 = 25*c + q. What is the remainder when 108 is divided by c?
16
Suppose -6599 = 15*x + 1846. Let j = 588 + x. Calculate the remainder when 597 is divided by j.
22
Let w = 353 + -207. Let n = w + -113. What is the remainder when 190 is divided by n?
25
Suppose 1513 = 4*n - 1879. What is the remainder when n is divided by 2?
0
Let s(g) = g**2 - 11. Let v be s(-4). Suppose -3*m = -0*u + 3*u + 27, -u - 21 = -v*m. Let w = u + 27. What is the remainder when w is divided by 9?
7
Suppose 3*u + 2 = 2. What is the remainder when 32 is divided by 1 + u + -4 + 3 + 4?
0
What is the remainder when 277 is divided by 32/14 - (-14650)/175?
19
What is the remainder when 23 is divided by (1/(-6) - (-1105)/510) + 7?
5
Let q be ((-2684 - 4)/(-4) + -4)/2. Let l = 166 - 99. Let n = q - l. Calculate the remainder when n is divided by 54.
51
Suppose 15*f = 14263 + 23781 + 446. What is the remainder when f is divided by 5?
1
Let n(g) = 2*g + 199. What is the remainder when n(-16) is divided by (22 - -2) + (8 - 13)?
15
Let f = 103 + -99. Calculate the remainder when 28 is divided by (-6)/(-2) + 8/f.
3
Let p(r) = -138*r + 2128. What is the remainder when 847 is divided by p(13)?
179
Suppose 50 = 12*a + 62. Suppose 0 = 5*p - 133 - 102. What is the remainder when p is divided by ((-60)/(-210))/(a/(-56))?
15
Let h = -41714 + 41800. Suppose 5*z - 46 = -2*j, -4*j + 4*z = -0*j - 64. What is the remainder when h is divided by j?
14
Let p = 19 - 5. What is the remainder when (2 - 1148/(-98))*7 is divided by p?
12
Let l = -343 - -356. Suppose 0 = -l*j + 12*j + 30. Let o = -8 + 18. Calculate the remainder when j is divided by o.
0
Suppose 5*v = 5*w + 60, 0 = -w + 6*w + 10. Suppose 0 = -v*d - 13*d + 2277. What is the remainder when d is divided by 15?
9
Let s be ((-4495)/(-93))/((-10)/(-12)). Let u = s + -38. What is the remainder when 115 is divided by u?
15
Suppose 736 - 176 = 2*m + t, -3*m - 2*t = -839. What is the remainder when m + (-14 - -8 - (-2 - 1)) is divided by 31?
30
Let p(z) = z**3 + 27*z**2 - 38*z - 273. Let h(i) = i**3 + 10*i**2 + 5*i + 13. What is the remainder when h(-9) is divided by p(-28)?
0
Let t(f) = 5*f**2 - 18*f + 3. Let r be t(4). Let w(b) = -b + 10. Let d be w(r). Calculate the remainder when (46 + -7)*d/(-3) is divided by 5.
3
Let u = 26423 - 24914. Calculate the remainder when u is divided by 36.
33
Let u = 438 + -615. Let t = -103 - u. What is the remainder when t is divided by 13?
9
Let p(s) = 4*s - 17*s - 4*s + 83 + 13. Calculate the remainder when p(0) is divided by 49.
47
Calculate the remainder when 29/203*-7 + -1 + 3381 is divided by 308.
299
Let h(l) be the first derivative of -2*l**2 + 37*l + 37. What is the remainder when 48 is divided by h(8)?
3
Suppose 10*g = 12*g + 2*o - 230, -4*o = -2*g + 206. Suppose 0 = -14*j + g + 463. Calculate the remainder when j is divided by 38.
3
Let m = 209 + -209. S